{"id":1528,"date":"2020-11-05T16:46:51","date_gmt":"2020-11-05T19:46:51","guid":{"rendered":"https:\/\/conteudosportal.com.br\/dornascostas\/?page_id=1528"},"modified":"2020-11-05T16:46:51","modified_gmt":"2020-11-05T19:46:51","slug":"espondilite-anquilosante","status":"publish","type":"page","link":"https:\/\/saude.novartis.com.br\/dornascostas\/espondilite-anquilosante\/","title":{"rendered":"Espondilite Anquilosante"},"content":{"rendered":"<div id=\"pl-1528\" class=\"panel-layout\">\n<div id=\"pg-1528-0\" class=\"panel-grid panel-no-style\" data-style=\"{&quot;background_image_attachment&quot;:false,&quot;background_display&quot;:&quot;tile&quot;,&quot;cell_alignment&quot;:&quot;flex-start&quot;}\" data-ratio=\"1\" data-ratio-direction=\"right\">\n<div id=\"pgc-1528-0-0\" class=\"panel-grid-cell\" data-weight=\"1\">\n<div id=\"panel-1528-0-0-0\" class=\"so-panel widget widget_smartslider3 panel-first-child panel-last-child\" data-index=\"0\" data-style=\"{&quot;background_image_attachment&quot;:false,&quot;background_display&quot;:&quot;tile&quot;}\">[siteorigin_widget class=&#8221;Nextend\\\\SmartSlider3\\\\Platform\\\\WordPress\\\\Widget\\\\WidgetSmartSlider3&#8243;][\/siteorigin_widget]<\/div>\n<\/div>\n<\/div>\n<div id=\"pg-1528-1\" class=\"panel-grid panel-has-style\" data-style=\"{&quot;class&quot;:&quot;sessao-02&quot;,&quot;background_image_attachment&quot;:false,&quot;background_display&quot;:&quot;tile&quot;,&quot;row_stretch&quot;:&quot;full&quot;,&quot;cell_alignment&quot;:&quot;flex-start&quot;}\" data-ratio=\"1\" data-ratio-direction=\"right\">\n<div class=\"sessao-02 siteorigin-panels-stretch panel-row-style panel-row-style-for-1528-1\" data-stretch-type=\"full\">\n<div id=\"pgc-1528-1-0\" class=\"panel-grid-cell\" data-weight=\"1\">\n<div id=\"panel-1528-1-0-0\" class=\"so-panel widget widget_siteorigin-panels-builder panel-first-child panel-last-child\" data-index=\"1\" data-style=\"{&quot;background_image_attachment&quot;:false,&quot;background_display&quot;:&quot;tile&quot;}\">\n<div id=\"pl-w5fa9a795b1883\" class=\"panel-layout\">\n<div id=\"pg-w5fa9a795b1883-0\" class=\"panel-grid panel-no-style\" data-style=\"{&quot;background_image_attachment&quot;:false,&quot;background_display&quot;:&quot;tile&quot;,&quot;cell_alignment&quot;:&quot;flex-start&quot;}\">\n<div id=\"pgc-w5fa9a795b1883-0-0\" class=\"panel-grid-cell\" data-weight=\"0.84987113402062\">\n<div id=\"panel-w5fa9a795b1883-0-0-0\" class=\"so-panel widget widget_custom_html panel-first-child panel-last-child\" data-index=\"0\" data-style=\"{&quot;background_image_attachment&quot;:false,&quot;background_display&quot;:&quot;tile&quot;}\">[siteorigin_widget class=&#8221;WP_Widget_Custom_HTML&#8221;][\/siteorigin_widget]<\/div>\n<\/div>\n<div id=\"pgc-w5fa9a795b1883-0-1\" class=\"panel-grid-cell\" data-weight=\"0.15012886597938\">\n<div id=\"panel-w5fa9a795b1883-0-1-0\" class=\"so-panel widget widget_sow-button panel-first-child panel-last-child\" data-index=\"1\" data-style=\"{&quot;background_image_attachment&quot;:false,&quot;background_display&quot;:&quot;tile&quot;}\">[siteorigin_widget class=&#8221;SiteOrigin_Widget_Button_Widget&#8221;][\/siteorigin_widget]<\/div>\n<\/div>\n<\/div>\n<\/div>\n<\/div>\n<\/div>\n<\/div>\n<\/div>\n<div id=\"pg-1528-2\" class=\"panel-grid panel-has-style\" data-style=\"{&quot;class&quot;:&quot;sessao-03&quot;,&quot;padding&quot;:&quot;40px 0px 40px 0px&quot;,&quot;background_image_attachment&quot;:false,&quot;background_display&quot;:&quot;tile&quot;,&quot;row_stretch&quot;:&quot;full&quot;,&quot;cell_alignment&quot;:&quot;flex-start&quot;}\" data-ratio=\"1\" data-ratio-direction=\"right\">\n<div class=\"sessao-03 siteorigin-panels-stretch panel-row-style panel-row-style-for-1528-2\" data-stretch-type=\"full\">\n<div id=\"pgc-1528-2-0\" class=\"panel-grid-cell\" data-weight=\"1\">\n<div id=\"panel-1528-2-0-0\" class=\"so-panel widget widget_siteorigin-panels-builder panel-first-child panel-last-child\" data-index=\"2\" data-style=\"{&quot;background_image_attachment&quot;:false,&quot;background_display&quot;:&quot;tile&quot;}\">\n<div id=\"pl-w5fa9a795b1a79\" class=\"panel-layout\">\n<div id=\"pg-w5fa9a795b1a79-0\" class=\"panel-grid panel-no-style\" data-style=\"{&quot;background_image_attachment&quot;:false,&quot;background_display&quot;:&quot;tile&quot;,&quot;cell_alignment&quot;:&quot;flex-start&quot;}\" data-ratio=\"1\" data-ratio-direction=\"right\">\n<div id=\"pgc-w5fa9a795b1a79-0-0\" class=\"panel-grid-cell\" data-weight=\"1\">\n<div id=\"panel-w5fa9a795b1a79-0-0-0\" class=\"so-panel widget widget_custom_html panel-first-child\" data-index=\"0\" data-style=\"{&quot;background_image_attachment&quot;:false,&quot;background_display&quot;:&quot;tile&quot;}\">[siteorigin_widget class=&#8221;WP_Widget_Custom_HTML&#8221;][\/siteorigin_widget]<\/div>\n<div id=\"panel-w5fa9a795b1a79-0-0-1\" class=\"so-panel widget widget_custom_html\" data-index=\"1\" data-style=\"{&quot;background_image_attachment&quot;:false,&quot;background_display&quot;:&quot;tile&quot;}\">[siteorigin_widget class=&#8221;WP_Widget_Custom_HTML&#8221;][\/siteorigin_widget]<\/div>\n<div id=\"panel-w5fa9a795b1a79-0-0-2\" class=\"so-panel widget widget_custom_html panel-last-child\" data-index=\"2\" data-style=\"{&quot;class&quot;:&quot;referencia&quot;,&quot;background_image_attachment&quot;:false,&quot;background_display&quot;:&quot;tile&quot;,&quot;link_color&quot;:&quot;#ffffff&quot;}\">\n<div class=\"referencia panel-widget-style panel-widget-style-for-w5fa9a795b1a79-0-0-2\">[siteorigin_widget class=&#8221;WP_Widget_Custom_HTML&#8221;][\/siteorigin_widget]<\/div>\n<\/div>\n<\/div>\n<\/div>\n<\/div>\n<\/div>\n<\/div>\n<\/div>\n<\/div>\n<div id=\"pg-1528-3\" class=\"panel-grid panel-no-style\" data-style=\"{&quot;background_image_attachment&quot;:false,&quot;background_display&quot;:&quot;tile&quot;,&quot;cell_alignment&quot;:&quot;flex-start&quot;}\" data-ratio=\"1\" data-ratio-direction=\"right\">\n<div id=\"pgc-1528-3-0\" class=\"panel-grid-cell\" data-weight=\"1\">\n<div id=\"panel-1528-3-0-0\" class=\"so-panel widget widget_siteorigin-panels-builder panel-first-child panel-last-child\" data-index=\"3\" data-style=\"{&quot;background_image_attachment&quot;:false,&quot;background_display&quot;:&quot;tile&quot;}\">\n<div id=\"pl-w5fa5ba264d148\" class=\"panel-layout\">\n<div id=\"pg-w5fa5ba264d148-0\" class=\"panel-grid panel-no-style\">\n<div id=\"pgc-w5fa5ba264d148-0-0\" class=\"panel-grid-cell\" data-weight=\"1\">\n<div id=\"panel-w5fa5ba264d148-0-0-0\" class=\"so-panel widget widget_smartslider3 panel-first-child panel-last-child\" data-index=\"0\" data-style=\"{&quot;background_image_attachment&quot;:false,&quot;background_display&quot;:&quot;tile&quot;}\">[siteorigin_widget class=&#8221;Nextend\\\\SmartSlider3\\\\Platform\\\\WordPress\\\\Widget\\\\WidgetSmartSlider3&#8243;][\/siteorigin_widget]<\/div>\n<\/div>\n<\/div>\n<\/div>\n<\/div>\n<\/div>\n<\/div>\n<\/div>\n","protected":false},"excerpt":{"rendered":"<p>[siteorigin_widget class=&#8221;Nextend\\\\SmartSlider3\\\\Platform\\\\WordPress\\\\Widget\\\\WidgetSmartSlider3&#8243;][\/siteorigin_widget] [siteorigin_widget class=&#8221;WP_Widget_Custom_HTML&#8221;][\/siteorigin_widget] [siteorigin_widget class=&#8221;SiteOrigin_Widget_Button_Widget&#8221;][\/siteorigin_widget] [siteorigin_widget class=&#8221;WP_Widget_Custom_HTML&#8221;][\/siteorigin_widget] [siteorigin_widget class=&#8221;WP_Widget_Custom_HTML&#8221;][\/siteorigin_widget] [siteorigin_widget class=&#8221;WP_Widget_Custom_HTML&#8221;][\/siteorigin_widget] [siteorigin_widget class=&#8221;Nextend\\\\SmartSlider3\\\\Platform\\\\WordPress\\\\Widget\\\\WidgetSmartSlider3&#8243;][\/siteorigin_widget]<\/p>\n","protected":false},"author":1,"featured_media":0,"parent":0,"menu_order":0,"comment_status":"closed","ping_status":"closed","template":"page-templates\/pagebuilder.php","meta":{"_acf_changed":false,"footnotes":""},"class_list":["post-1528","page","type-page","status-publish","hentry"],"acf":[],"yoast_head":"<!-- This site is optimized with the Yoast SEO plugin v25.1 - https:\/\/yoast.com\/wordpress\/plugins\/seo\/ -->\n<title>Espondilite Anquilosante - Dor Nas Costas<\/title>\n<meta name=\"robots\" content=\"index, follow, max-snippet:-1, max-image-preview:large, max-video-preview:-1\" \/>\n<link rel=\"canonical\" href=\"https:\/\/saude.novartis.com.br\/dornascostas\/espondilite-anquilosante\/\" \/>\n<meta property=\"og:locale\" content=\"pt_BR\" \/>\n<meta property=\"og:type\" content=\"article\" \/>\n<meta property=\"og:title\" content=\"Espondilite Anquilosante - Dor Nas Costas\" \/>\n<meta property=\"og:description\" content=\"[siteorigin_widget class=&#8221;Nextend\\SmartSlider3\\Platform\\WordPress\\Widget\\WidgetSmartSlider3&#8243;][\/siteorigin_widget] [siteorigin_widget class=&#8221;WP_Widget_Custom_HTML&#8221;][\/siteorigin_widget] [siteorigin_widget class=&#8221;SiteOrigin_Widget_Button_Widget&#8221;][\/siteorigin_widget] [siteorigin_widget class=&#8221;WP_Widget_Custom_HTML&#8221;][\/siteorigin_widget] [siteorigin_widget class=&#8221;WP_Widget_Custom_HTML&#8221;][\/siteorigin_widget] [siteorigin_widget class=&#8221;WP_Widget_Custom_HTML&#8221;][\/siteorigin_widget] [siteorigin_widget class=&#8221;Nextend\\SmartSlider3\\Platform\\WordPress\\Widget\\WidgetSmartSlider3&#8243;][\/siteorigin_widget]\" \/>\n<meta property=\"og:url\" content=\"https:\/\/saude.novartis.com.br\/dornascostas\/espondilite-anquilosante\/\" \/>\n<meta property=\"og:site_name\" content=\"Dor Nas Costas\" \/>\n<meta name=\"twitter:card\" content=\"summary_large_image\" \/>\n<script type=\"application\/ld+json\" class=\"yoast-schema-graph\">{\"@context\":\"https:\/\/schema.org\",\"@graph\":[{\"@type\":\"WebPage\",\"@id\":\"https:\/\/saude.novartis.com.br\/dornascostas\/espondilite-anquilosante\/\",\"url\":\"https:\/\/saude.novartis.com.br\/dornascostas\/espondilite-anquilosante\/\",\"name\":\"Espondilite Anquilosante - Dor Nas Costas\",\"isPartOf\":{\"@id\":\"https:\/\/saude.novartis.com.br\/dornascostas\/#website\"},\"datePublished\":\"2020-11-05T19:46:51+00:00\",\"breadcrumb\":{\"@id\":\"https:\/\/saude.novartis.com.br\/dornascostas\/espondilite-anquilosante\/#breadcrumb\"},\"inLanguage\":\"pt-BR\",\"potentialAction\":[{\"@type\":\"ReadAction\",\"target\":[\"https:\/\/saude.novartis.com.br\/dornascostas\/espondilite-anquilosante\/\"]}]},{\"@type\":\"BreadcrumbList\",\"@id\":\"https:\/\/saude.novartis.com.br\/dornascostas\/espondilite-anquilosante\/#breadcrumb\",\"itemListElement\":[{\"@type\":\"ListItem\",\"position\":1,\"name\":\"In\u00edcio\",\"item\":\"https:\/\/saude.novartis.com.br\/dornascostas\/\"},{\"@type\":\"ListItem\",\"position\":2,\"name\":\"Espondilite Anquilosante\"}]},{\"@type\":\"WebSite\",\"@id\":\"https:\/\/saude.novartis.com.br\/dornascostas\/#website\",\"url\":\"https:\/\/saude.novartis.com.br\/dornascostas\/\",\"name\":\"Dor Nas Costas\",\"description\":\"Saiba exatamente o que \u00e9 dor nas costas. Conhe\u00e7a seus sintomas, diagn\u00f3sticos e tratamento. Acesse o blog sobre dor nas costas da Novartis e saiba mais.\",\"publisher\":{\"@id\":\"https:\/\/saude.novartis.com.br\/dornascostas\/#organization\"},\"potentialAction\":[{\"@type\":\"SearchAction\",\"target\":{\"@type\":\"EntryPoint\",\"urlTemplate\":\"https:\/\/saude.novartis.com.br\/dornascostas\/?s={search_term_string}\"},\"query-input\":{\"@type\":\"PropertyValueSpecification\",\"valueRequired\":true,\"valueName\":\"search_term_string\"}}],\"inLanguage\":\"pt-BR\"},{\"@type\":\"Organization\",\"@id\":\"https:\/\/saude.novartis.com.br\/dornascostas\/#organization\",\"name\":\"Novartis\",\"url\":\"https:\/\/saude.novartis.com.br\/dornascostas\/\",\"logo\":{\"@type\":\"ImageObject\",\"inLanguage\":\"pt-BR\",\"@id\":\"https:\/\/saude.novartis.com.br\/dornascostas\/#\/schema\/logo\/image\/\",\"url\":\"https:\/\/saude.novartis.com.br\/dornascostas\/wp-content\/uploads\/sites\/2\/2021\/03\/novartis-dor-nas-costas.png\",\"contentUrl\":\"https:\/\/saude.novartis.com.br\/dornascostas\/wp-content\/uploads\/sites\/2\/2021\/03\/novartis-dor-nas-costas.png\",\"width\":124,\"height\":50,\"caption\":\"Novartis\"},\"image\":{\"@id\":\"https:\/\/saude.novartis.com.br\/dornascostas\/#\/schema\/logo\/image\/\"}}]}<\/script>\n<!-- \/ Yoast SEO plugin. -->","yoast_head_json":{"title":"Espondilite Anquilosante - Dor Nas Costas","robots":{"index":"index","follow":"follow","max-snippet":"max-snippet:-1","max-image-preview":"max-image-preview:large","max-video-preview":"max-video-preview:-1"},"canonical":"https:\/\/saude.novartis.com.br\/dornascostas\/espondilite-anquilosante\/","og_locale":"pt_BR","og_type":"article","og_title":"Espondilite Anquilosante - Dor Nas Costas","og_description":"[siteorigin_widget class=&#8221;Nextend\\SmartSlider3\\Platform\\WordPress\\Widget\\WidgetSmartSlider3&#8243;][\/siteorigin_widget] [siteorigin_widget class=&#8221;WP_Widget_Custom_HTML&#8221;][\/siteorigin_widget] [siteorigin_widget class=&#8221;SiteOrigin_Widget_Button_Widget&#8221;][\/siteorigin_widget] [siteorigin_widget class=&#8221;WP_Widget_Custom_HTML&#8221;][\/siteorigin_widget] [siteorigin_widget class=&#8221;WP_Widget_Custom_HTML&#8221;][\/siteorigin_widget] [siteorigin_widget class=&#8221;WP_Widget_Custom_HTML&#8221;][\/siteorigin_widget] [siteorigin_widget class=&#8221;Nextend\\SmartSlider3\\Platform\\WordPress\\Widget\\WidgetSmartSlider3&#8243;][\/siteorigin_widget]","og_url":"https:\/\/saude.novartis.com.br\/dornascostas\/espondilite-anquilosante\/","og_site_name":"Dor Nas Costas","twitter_card":"summary_large_image","schema":{"@context":"https:\/\/schema.org","@graph":[{"@type":"WebPage","@id":"https:\/\/saude.novartis.com.br\/dornascostas\/espondilite-anquilosante\/","url":"https:\/\/saude.novartis.com.br\/dornascostas\/espondilite-anquilosante\/","name":"Espondilite Anquilosante - Dor Nas Costas","isPartOf":{"@id":"https:\/\/saude.novartis.com.br\/dornascostas\/#website"},"datePublished":"2020-11-05T19:46:51+00:00","breadcrumb":{"@id":"https:\/\/saude.novartis.com.br\/dornascostas\/espondilite-anquilosante\/#breadcrumb"},"inLanguage":"pt-BR","potentialAction":[{"@type":"ReadAction","target":["https:\/\/saude.novartis.com.br\/dornascostas\/espondilite-anquilosante\/"]}]},{"@type":"BreadcrumbList","@id":"https:\/\/saude.novartis.com.br\/dornascostas\/espondilite-anquilosante\/#breadcrumb","itemListElement":[{"@type":"ListItem","position":1,"name":"In\u00edcio","item":"https:\/\/saude.novartis.com.br\/dornascostas\/"},{"@type":"ListItem","position":2,"name":"Espondilite Anquilosante"}]},{"@type":"WebSite","@id":"https:\/\/saude.novartis.com.br\/dornascostas\/#website","url":"https:\/\/saude.novartis.com.br\/dornascostas\/","name":"Dor Nas Costas","description":"Saiba exatamente o que \u00e9 dor nas costas. Conhe\u00e7a seus sintomas, diagn\u00f3sticos e tratamento. Acesse o blog sobre dor nas costas da Novartis e saiba mais.","publisher":{"@id":"https:\/\/saude.novartis.com.br\/dornascostas\/#organization"},"potentialAction":[{"@type":"SearchAction","target":{"@type":"EntryPoint","urlTemplate":"https:\/\/saude.novartis.com.br\/dornascostas\/?s={search_term_string}"},"query-input":{"@type":"PropertyValueSpecification","valueRequired":true,"valueName":"search_term_string"}}],"inLanguage":"pt-BR"},{"@type":"Organization","@id":"https:\/\/saude.novartis.com.br\/dornascostas\/#organization","name":"Novartis","url":"https:\/\/saude.novartis.com.br\/dornascostas\/","logo":{"@type":"ImageObject","inLanguage":"pt-BR","@id":"https:\/\/saude.novartis.com.br\/dornascostas\/#\/schema\/logo\/image\/","url":"https:\/\/saude.novartis.com.br\/dornascostas\/wp-content\/uploads\/sites\/2\/2021\/03\/novartis-dor-nas-costas.png","contentUrl":"https:\/\/saude.novartis.com.br\/dornascostas\/wp-content\/uploads\/sites\/2\/2021\/03\/novartis-dor-nas-costas.png","width":124,"height":50,"caption":"Novartis"},"image":{"@id":"https:\/\/saude.novartis.com.br\/dornascostas\/#\/schema\/logo\/image\/"}}]}},"_links":{"self":[{"href":"https:\/\/saude.novartis.com.br\/dornascostas\/wp-json\/wp\/v2\/pages\/1528"}],"collection":[{"href":"https:\/\/saude.novartis.com.br\/dornascostas\/wp-json\/wp\/v2\/pages"}],"about":[{"href":"https:\/\/saude.novartis.com.br\/dornascostas\/wp-json\/wp\/v2\/types\/page"}],"author":[{"embeddable":true,"href":"https:\/\/saude.novartis.com.br\/dornascostas\/wp-json\/wp\/v2\/users\/1"}],"replies":[{"embeddable":true,"href":"https:\/\/saude.novartis.com.br\/dornascostas\/wp-json\/wp\/v2\/comments?post=1528"}],"version-history":[{"count":0,"href":"https:\/\/saude.novartis.com.br\/dornascostas\/wp-json\/wp\/v2\/pages\/1528\/revisions"}],"wp:attachment":[{"href":"https:\/\/saude.novartis.com.br\/dornascostas\/wp-json\/wp\/v2\/media?parent=1528"}],"curies":[{"name":"wp","href":"https:\/\/api.w.org\/{rel}","templated":true}]}}